{"id":123,"date":"2016-08-04T10:16:30","date_gmt":"2016-08-04T07:16:30","guid":{"rendered":"http:\/\/www.ccr.fi\/jplift\/?page_id=123"},"modified":"2016-10-27T12:37:39","modified_gmt":"2016-10-27T09:37:39","slug":"dino-135","status":"publish","type":"page","link":"https:\/\/www.jp-lift.fi\/?page_id=123","title":{"rendered":"Dino 135T"},"content":{"rendered":"<p><a href=\"https:\/\/www.jp-lift.fi\/wp-content\/uploads\/2016\/08\/IMG_78092.jpg\"><img loading=\"lazy\" decoding=\"async\" class=\"aligncenter size-large wp-image-257\" src=\"https:\/\/www.jp-lift.fi\/wp-content\/uploads\/2016\/08\/IMG_78092-1024x683.jpg\" alt=\"IMG_7809\" width=\"474\" height=\"316\" srcset=\"https:\/\/www.jp-lift.fi\/wp-content\/uploads\/2016\/08\/IMG_78092-1024x683.jpg 1024w, https:\/\/www.jp-lift.fi\/wp-content\/uploads\/2016\/08\/IMG_78092-300x200.jpg 300w, https:\/\/www.jp-lift.fi\/wp-content\/uploads\/2016\/08\/IMG_78092-768x512.jpg 768w, https:\/\/www.jp-lift.fi\/wp-content\/uploads\/2016\/08\/IMG_78092-1200x800.jpg 1200w\" sizes=\"auto, (max-width: 474px) 100vw, 474px\" \/><\/a><\/p>\n<p>nostokorkeus: 13,5 m<\/p>\n<p>Max, sivu-ulottuma: 9,10m<\/p>\n<p>Kokonaispaino: 1635kg<\/p>\n<p>2 hl\u00f6:n kori, korikuorma 215kg<\/p>\n<p>K\u00e4ytt\u00f6voima:<\/p>\n<p>-verkkovirta<\/p>\n","protected":false},"excerpt":{"rendered":"<p>nostokorkeus: 13,5 m Max, sivu-ulottuma: 9,10m Kokonaispaino: 1635kg 2 hl\u00f6:n kori, korikuorma 215kg K\u00e4ytt\u00f6voima: -verkkovirta<\/p>\n","protected":false},"author":1,"featured_media":0,"parent":35,"menu_order":4,"comment_status":"closed","ping_status":"closed","template":"","meta":{"footnotes":""},"class_list":["post-123","page","type-page","status-publish","hentry"],"_links":{"self":[{"href":"https:\/\/www.jp-lift.fi\/index.php?rest_route=\/wp\/v2\/pages\/123","targetHints":{"allow":["GET"]}}],"collection":[{"href":"https:\/\/www.jp-lift.fi\/index.php?rest_route=\/wp\/v2\/pages"}],"about":[{"href":"https:\/\/www.jp-lift.fi\/index.php?rest_route=\/wp\/v2\/types\/page"}],"author":[{"embeddable":true,"href":"https:\/\/www.jp-lift.fi\/index.php?rest_route=\/wp\/v2\/users\/1"}],"replies":[{"embeddable":true,"href":"https:\/\/www.jp-lift.fi\/index.php?rest_route=%2Fwp%2Fv2%2Fcomments&post=123"}],"version-history":[{"count":1,"href":"https:\/\/www.jp-lift.fi\/index.php?rest_route=\/wp\/v2\/pages\/123\/revisions"}],"predecessor-version":[{"id":402,"href":"https:\/\/www.jp-lift.fi\/index.php?rest_route=\/wp\/v2\/pages\/123\/revisions\/402"}],"up":[{"embeddable":true,"href":"https:\/\/www.jp-lift.fi\/index.php?rest_route=\/wp\/v2\/pages\/35"}],"wp:attachment":[{"href":"https:\/\/www.jp-lift.fi\/index.php?rest_route=%2Fwp%2Fv2%2Fmedia&parent=123"}],"curies":[{"name":"wp","href":"https:\/\/api.w.org\/{rel}","templated":true}]}}