{"id":266,"date":"2016-10-12T14:20:58","date_gmt":"2016-10-12T11:20:58","guid":{"rendered":"http:\/\/www.ccr.fi\/jplift\/?page_id=266"},"modified":"2016-10-27T12:38:13","modified_gmt":"2016-10-27T09:38:13","slug":"dino-150t","status":"publish","type":"page","link":"https:\/\/www.jp-lift.fi\/?page_id=266","title":{"rendered":"Dino 150T"},"content":{"rendered":"<p><a href=\"https:\/\/www.jp-lift.fi\/wp-content\/uploads\/2016\/08\/IMG_7807.jpg\"><img loading=\"lazy\" decoding=\"async\" class=\"aligncenter size-large wp-image-158\" src=\"https:\/\/www.jp-lift.fi\/wp-content\/uploads\/2016\/08\/IMG_7807-1024x683.jpg\" alt=\"IMG_7807\" width=\"474\" height=\"316\" srcset=\"https:\/\/www.jp-lift.fi\/wp-content\/uploads\/2016\/08\/IMG_7807-1024x683.jpg 1024w, https:\/\/www.jp-lift.fi\/wp-content\/uploads\/2016\/08\/IMG_7807-300x200.jpg 300w, https:\/\/www.jp-lift.fi\/wp-content\/uploads\/2016\/08\/IMG_7807-768x512.jpg 768w, https:\/\/www.jp-lift.fi\/wp-content\/uploads\/2016\/08\/IMG_7807-1200x800.jpg 1200w\" sizes=\"auto, (max-width: 474px) 100vw, 474px\" \/><\/a><\/p>\n<p>Nostokorkeus: 15m<\/p>\n<p>Max. sivu-ulottuma: 10m<\/p>\n<p>Kokonaispaino: 1662kg<\/p>\n<p>Max. korikuorma: 215kg\/2hl\u00f6+ 55kg<\/p>\n<p>K\u00e4ytt\u00f6voima:<\/p>\n<p>-verkkovirta<\/p>\n<p>&nbsp;<\/p>\n","protected":false},"excerpt":{"rendered":"<p>Nostokorkeus: 15m Max. sivu-ulottuma: 10m Kokonaispaino: 1662kg Max. korikuorma: 215kg\/2hl\u00f6+ 55kg K\u00e4ytt\u00f6voima: -verkkovirta &nbsp;<\/p>\n","protected":false},"author":1,"featured_media":0,"parent":35,"menu_order":6,"comment_status":"closed","ping_status":"closed","template":"","meta":{"footnotes":""},"class_list":["post-266","page","type-page","status-publish","hentry"],"_links":{"self":[{"href":"https:\/\/www.jp-lift.fi\/index.php?rest_route=\/wp\/v2\/pages\/266","targetHints":{"allow":["GET"]}}],"collection":[{"href":"https:\/\/www.jp-lift.fi\/index.php?rest_route=\/wp\/v2\/pages"}],"about":[{"href":"https:\/\/www.jp-lift.fi\/index.php?rest_route=\/wp\/v2\/types\/page"}],"author":[{"embeddable":true,"href":"https:\/\/www.jp-lift.fi\/index.php?rest_route=\/wp\/v2\/users\/1"}],"replies":[{"embeddable":true,"href":"https:\/\/www.jp-lift.fi\/index.php?rest_route=%2Fwp%2Fv2%2Fcomments&post=266"}],"version-history":[{"count":1,"href":"https:\/\/www.jp-lift.fi\/index.php?rest_route=\/wp\/v2\/pages\/266\/revisions"}],"predecessor-version":[{"id":404,"href":"https:\/\/www.jp-lift.fi\/index.php?rest_route=\/wp\/v2\/pages\/266\/revisions\/404"}],"up":[{"embeddable":true,"href":"https:\/\/www.jp-lift.fi\/index.php?rest_route=\/wp\/v2\/pages\/35"}],"wp:attachment":[{"href":"https:\/\/www.jp-lift.fi\/index.php?rest_route=%2Fwp%2Fv2%2Fmedia&parent=266"}],"curies":[{"name":"wp","href":"https:\/\/api.w.org\/{rel}","templated":true}]}}