{"id":39,"date":"2015-12-02T00:58:42","date_gmt":"2015-12-01T22:58:42","guid":{"rendered":"http:\/\/www.ccr.fi\/jplift\/?page_id=39"},"modified":"2025-02-19T16:32:45","modified_gmt":"2025-02-19T14:32:45","slug":"etusivu","status":"publish","type":"page","link":"https:\/\/www.jp-lift.fi\/","title":{"rendered":"JP-Lift Oy"},"content":{"rendered":"<p><strong>Tervehdys<\/strong><\/p>\n<p>Olemme Lapin alueella nostoalaan erikoistunut yritys. Valikoimastamme l\u00f6ytyy vuokrattavaksi niin henkil\u00f6nostimia, kuukulkijoita kuin saksilavojakin sek\u00e4 tarjoamme ajoneuvonosturipalvelut 60-220 tn.<\/p>\n<p>Luotettavaa ja ammattitaitoista\u00a0nostopalvelua nopeallakin aikataululla niin helppoihin kuin vaativiinkin nostohommiin.<\/p>\n<p>Asiakkainamme ovat sek\u00e4\u00a0yksityiset\u00a0ett\u00e4 yritykset Torniosta ja l\u00e4hiseudulta. Ota yhteytt\u00e4 ja kysy lis\u00e4\u00e4.<\/p>\n","protected":false},"excerpt":{"rendered":"<p>Tervehdys Olemme Lapin alueella nostoalaan erikoistunut yritys. Valikoimastamme l\u00f6ytyy vuokrattavaksi niin henkil\u00f6nostimia, kuukulkijoita kuin saksilavojakin sek\u00e4 tarjoamme ajoneuvonosturipalvelut 60-220 tn. Luotettavaa ja ammattitaitoista\u00a0nostopalvelua nopeallakin aikataululla niin helppoihin kuin vaativiinkin nostohommiin. Asiakkainamme ovat sek\u00e4\u00a0yksityiset\u00a0ett\u00e4 yritykset Torniosta ja l\u00e4hiseudulta. Ota yhteytt\u00e4 ja &hellip; <a href=\"https:\/\/www.jp-lift.fi\/\">Lue loppuun <span class=\"meta-nav\">&rarr;<\/span><\/a><\/p>\n","protected":false},"author":1,"featured_media":0,"parent":0,"menu_order":10,"comment_status":"closed","ping_status":"closed","template":"","meta":{"footnotes":""},"class_list":["post-39","page","type-page","status-publish","hentry"],"_links":{"self":[{"href":"https:\/\/www.jp-lift.fi\/index.php?rest_route=\/wp\/v2\/pages\/39","targetHints":{"allow":["GET"]}}],"collection":[{"href":"https:\/\/www.jp-lift.fi\/index.php?rest_route=\/wp\/v2\/pages"}],"about":[{"href":"https:\/\/www.jp-lift.fi\/index.php?rest_route=\/wp\/v2\/types\/page"}],"author":[{"embeddable":true,"href":"https:\/\/www.jp-lift.fi\/index.php?rest_route=\/wp\/v2\/users\/1"}],"replies":[{"embeddable":true,"href":"https:\/\/www.jp-lift.fi\/index.php?rest_route=%2Fwp%2Fv2%2Fcomments&post=39"}],"version-history":[{"count":7,"href":"https:\/\/www.jp-lift.fi\/index.php?rest_route=\/wp\/v2\/pages\/39\/revisions"}],"predecessor-version":[{"id":727,"href":"https:\/\/www.jp-lift.fi\/index.php?rest_route=\/wp\/v2\/pages\/39\/revisions\/727"}],"wp:attachment":[{"href":"https:\/\/www.jp-lift.fi\/index.php?rest_route=%2Fwp%2Fv2%2Fmedia&parent=39"}],"curies":[{"name":"wp","href":"https:\/\/api.w.org\/{rel}","templated":true}]}}