{"id":590,"date":"2025-02-20T07:35:29","date_gmt":"2025-02-20T05:35:29","guid":{"rendered":"https:\/\/www.jp-lift.fi\/?page_id=590"},"modified":"2026-01-07T15:40:43","modified_gmt":"2026-01-07T13:40:43","slug":"tadano-faun-atf-220g-5","status":"publish","type":"page","link":"https:\/\/www.jp-lift.fi\/?page_id=590","title":{"rendered":"Tadano Faun ATF 220G-5"},"content":{"rendered":"\n<figure class=\"wp-block-gallery has-nested-images columns-default is-cropped wp-block-gallery-1 is-layout-flex wp-block-gallery-is-layout-flex\">\n<figure class=\"wp-block-image size-large\"><img loading=\"lazy\" decoding=\"async\" width=\"1024\" height=\"646\" data-id=\"669\" src=\"https:\/\/www.jp-lift.fi\/wp-content\/uploads\/2025\/02\/Nosturi-220-1024x646.png\" alt=\"\" class=\"wp-image-669\" srcset=\"https:\/\/www.jp-lift.fi\/wp-content\/uploads\/2025\/02\/Nosturi-220-1024x646.png 1024w, https:\/\/www.jp-lift.fi\/wp-content\/uploads\/2025\/02\/Nosturi-220-300x189.png 300w, https:\/\/www.jp-lift.fi\/wp-content\/uploads\/2025\/02\/Nosturi-220-768x485.png 768w, https:\/\/www.jp-lift.fi\/wp-content\/uploads\/2025\/02\/Nosturi-220.png 1044w\" sizes=\"auto, (max-width: 1024px) 100vw, 1024px\" \/><\/figure>\n<\/figure>\n\n\n\n<p>Nostokyky: 220tn<\/p>\n\n\n\n<p>P\u00e4\u00e4puomin pituus: 68m<\/p>\n\n\n\n<p>Ristikkojatke: 37,2m<\/p>\n\n\n\n<p>Tuenta-alue: 9044\u00d78300mm<\/p>\n\n\n\n<p>Nosturin pituus: 15,1 m<\/p>\n\n\n\n<p>Nosturin korkeus: 3,94m<\/p>\n\n\n\n<p>Nosturin leveys: 3m<\/p>\n\n\n\n<p>Nosturin omapaino: 60tn<\/p>\n\n\n\n<p>Vastapaino max: 71tn<\/p>\n\n\n\n<p>Nostotaulukot:<a href=\"https:\/\/www.jp-lift.fi\/wp-content\/uploads\/2026\/01\/Tadano-atf-220.pdf\"> Tadano-atf-220.pdf<\/a><\/p>\n\n\n\n<div class=\"wp-block-columns is-layout-flex wp-container-core-columns-is-layout-1 wp-block-columns-is-layout-flex\">\n<div class=\"wp-block-column is-layout-flow wp-block-column-is-layout-flow\" style=\"flex-basis:100%\">\n<div class=\"wp-block-group\"><div class=\"wp-block-group__inner-container is-layout-constrained wp-block-group-is-layout-constrained\"><\/div><\/div>\n<\/div>\n<\/div>\n\n\n\n<ul class=\"wp-block-list\">\n<li><\/li>\n<\/ul>\n\n\n\n<p><\/p>\n","protected":false},"excerpt":{"rendered":"<p>Nostokyky: 220tn P\u00e4\u00e4puomin pituus: 68m Ristikkojatke: 37,2m Tuenta-alue: 9044\u00d78300mm Nosturin pituus: 15,1 m Nosturin korkeus: 3,94m Nosturin leveys: 3m Nosturin omapaino: 60tn Vastapaino max: 71tn Nostotaulukot: Tadano-atf-220.pdf<\/p>\n","protected":false},"author":1,"featured_media":0,"parent":0,"menu_order":0,"comment_status":"closed","ping_status":"closed","template":"","meta":{"footnotes":""},"class_list":["post-590","page","type-page","status-publish","hentry"],"_links":{"self":[{"href":"https:\/\/www.jp-lift.fi\/index.php?rest_route=\/wp\/v2\/pages\/590","targetHints":{"allow":["GET"]}}],"collection":[{"href":"https:\/\/www.jp-lift.fi\/index.php?rest_route=\/wp\/v2\/pages"}],"about":[{"href":"https:\/\/www.jp-lift.fi\/index.php?rest_route=\/wp\/v2\/types\/page"}],"author":[{"embeddable":true,"href":"https:\/\/www.jp-lift.fi\/index.php?rest_route=\/wp\/v2\/users\/1"}],"replies":[{"embeddable":true,"href":"https:\/\/www.jp-lift.fi\/index.php?rest_route=%2Fwp%2Fv2%2Fcomments&post=590"}],"version-history":[{"count":12,"href":"https:\/\/www.jp-lift.fi\/index.php?rest_route=\/wp\/v2\/pages\/590\/revisions"}],"predecessor-version":[{"id":756,"href":"https:\/\/www.jp-lift.fi\/index.php?rest_route=\/wp\/v2\/pages\/590\/revisions\/756"}],"wp:attachment":[{"href":"https:\/\/www.jp-lift.fi\/index.php?rest_route=%2Fwp%2Fv2%2Fmedia&parent=590"}],"curies":[{"name":"wp","href":"https:\/\/api.w.org\/{rel}","templated":true}]}}